3 + 2*w**2 - 1. Let u be p(1). Let z = u - -16. Calculate the remainder when h(z) is divided by 3.
0
Let y = -119 + 166. What is the remainder when 234 is divided by y?
46
Let t = 4 - -9. Let f = -7 - -45. What is the remainder when f is divided by t?
12
Suppose -9*j + 116 = -5*j. What is the remainder when ((-5)/(4 + 1))/((-2)/230) is divided by j?
28
Let p = 158 + -108. Let f = 156 - 138. What is the remainder when p is divided by f?
14
Suppose 5*v - 85 = 4*l - 24, 5*l + 38 = 2*v. Calculate the remainder when 106 is divided by v.
7
Let m be (-3 - 0)/((-1)/15). Let g be -2*(m/2)/(-9). Suppose g*i = 77 - 12. What is the remainder when i is divided by 5?
3
Let n(a) = 2*a**2 - 36*a + 208. What is the remainder when 130 is divided by n(7)?
22
What is the remainder when 90/(-12)*(14*-1)/1 is divided by 18?
15
Let t = 78 - 67. Calculate the remainder when 41 is divided by t.
8
Let f(g) = -g**3 + 27*g**2 + 4. Suppose -2*b = -r - 100, 0 = 7*b - 2*b - 2*r - 248. Calculate the remainder when b is divided by f(27).
0
Suppose 4*w + 0 = 16. Let s = -21 + w. Let j = -2 - s. What is the remainder when 42 is divided by j?
12
Let p = -1174 - -1177. Calculate the remainder when 58 is divided by p.
1
Suppose 0 = -q + 480 - 1. Calculate the remainder when q is divided by 24.
23
Suppose 4*h + 218 = 4*j + 2*h, 5*j = -h + 269. Suppose -a - 2 = -2*a. Suppose -4*d = -j + a. What is the remainder when 24 is divided by d?
11
Suppose 0 = -5*h - 154 + 19. Let a = h + 41. Let q = 17 - a. Calculate the remainder when 10 is divided by q.
1
Suppose 2*a - d - 3*d - 106 = 0, 5*a + 3*d = 213. Calculate the remainder when 131 is divided by a.
41
Let a be (-2610)/(-165) + 4/22. Suppose -2*w + 72 = -a. Suppose -t + 27 = 2*p + 2*p, 3*p - 72 = -3*t. Calculate the remainder when w is divided by t.
21
Let m = 16 + 2. Let y = 12 - m. What is the remainder when (86/y)/((-3)/9) is divided by 22?
21
Suppose -3*p + 3*u = -21, 2*p + 4*u + 25 = 9. What is the remainder when 9 is divided by p?
1
Let d = -52 + 74. Let z be (-2)/6*1*-9. Let r(p) = 6*p**2 + 3*p + 2. What is the remainder when r(z) is divided by d?
21
Suppose -102 - 154 = -4*y. Suppose -6*z + y = -4*z. What is the remainder when 58 is divided by z?
26
Let c be (((-140)/21)/(-5))/(2/6). Suppose -c*k + 9*k - 20 = 0. Calculate the remainder when 27 is divided by k.
3
Suppose 2*f + 238 = -5*f. Let i = f + 36. What is the remainder when i is divided by 1?
0
Let x(b) = -40*b**3 + b**2 - 2*b + 2. Let u be x(1). Let o = -18 - u. Suppose -7*s + o = -6*s. Calculate the remainder when s is divided by 11.
10
Let a(n) be the first derivative of -n**4/4 + 11*n**3/3 - 4*n**2 + 3*n + 6. Let p = 34 - -32. What is the remainder when p is divided by a(10)?
20
Let n = -106 - -122. What is the remainder when 56 is divided by n?
8
Suppose 0 = -5*u, -2*b - 54 = 3*u - 366. Let l = b + -86. Suppose -2*a + l = 3*a. Calculate the remainder when a is divided by 8.
6
Let n = -21 - -8. Let w = -11 - n. Suppose 5*k + 8 = -12, 0 = 4*j - w*k - 52. What is the remainder when j is divided by 6?
5
Calculate the remainder when (-2*13)/(135/20 - 7) is divided by 10.
4
Suppose 2*w - 4 - 4 = 0. Let h(p) = -p**2 + 5*p + 2. Let b be h(w). What is the remainder when 12 is divided by b/(-8) - 31/(-4)?
5
Calculate the remainder when 159 - (-35)/(0 - 7) is divided by 40.
34
Suppose 0*y + 3*y - 6 = 0. Suppose -110 = -3*j - 5*m, -2*j - 3*j + y*m = -173. Calculate the remainder when j is divided by 4/5*90/4.
17
Let b = 13 + -8. Suppose -12 = -b*a + 18. Calculate the remainder when -17*(8/4 + -3) is divided by a.
5
Let z(r) = -r**2 - 3 - 3*r**2 + 0 + r**3 + 5*r. Let v = 12 - 8. What is the remainder when z(v) is divided by 9?
8
Suppose 2*l + 547 = i, -3*l + 221 + 1375 = 3*i. Calculate the remainder when i is divided by 60.
57
What is the remainder when 9 + (-7 - 2) - -182 is divided by 56?
14
Let n(h) = 5*h + 87. What is the remainder when n(20) is divided by 48?
43
Let y(g) = -g**2 + 24*g + 115. Suppose 0 = x + 4*j - 5, 0*x - 4*x - 4*j + 20 = 0. Calculate the remainder when x is divided by y(-4).
2
What is the remainder when 90 is divided by (26/52)/(-1*(-2)/76)?
14
Suppose 4*b = o + 8*b - 472, 0 = 5*b + 5. Calculate the remainder when o is divided by 15.
11
Let v(a) = a**3 - a**2 - 1. Let t(p) = -2*p**3 + 2*p**2 + p - 16. Let g(l) = -t(l) - v(l). Calculate the remainder when 32 is divided by g(0).
15
Suppose -13*u - 383 = -1865. Calculate the remainder when u is divided by 11.
4
Suppose 0*z = 9*z. Suppose 2*w + m - 6 = -w, -w - m = z. Calculate the remainder when 6 is divided by w.
0
Calculate the remainder when 27 is divided by 1/((34/(-8))/(-17)).
3
Suppose 200 = -8*r + 3*r + 5*b, -4*r - 3*b = 125. Let o = r + 14. Let x = 62 + o. Calculate the remainder when x is divided by 14.
13
Let i = 17470 + -17438. Let n(z) = 32*z - 3. What is the remainder when n(5) is divided by i?
29
Let t = 1702 - 894. Calculate the remainder when t is divided by 116.
112
Let s = 47 + -45. Calculate the remainder when 3 is divided by s.
1
Let l be (-3)/(124/(-24) - -5). Suppose -14*q = -l*q + 8. Calculate the remainder when 4 is divided by q.
0
Let m = 19 + -9. Let u be (-370)/(-3) + (-1)/3. Calculate the remainder when -2 - u/((-3)/1) is divided by m.
9
Let m = -1591 - -1626. Calculate the remainder when m is divided by -1 + 1 + -2 + 25.
12
Let x(d) = 2*d**2 - 3*d + 13. Let u be x(0). Let z(f) = f**2 - 5*f - 3. Let r be z(5). Calculate the remainder when 40 is divided by u - 8/(-12)*r.
7
Let l(s) = -s + 13. Suppose -5*o - 2*t = -24 - 16, 5*o - t - 25 = 0. Let v = 56 + -38. Calculate the remainder when v is divided by l(o).
4
Suppose -3 = 3*w - 0. Suppose -403 + 115 = -4*i. Calculate the remainder when i is divided by 576/30 - w/(-5).
15
Suppose 6*a - 625 = a. Suppose 2*c - 30*b + 31*b - 63 = 0, -3*c = 5*b - 91. What is the remainder when a is divided by c?
29
Suppose -27*y = -65*y + 2888. Calculate the remainder when 322 is divided by y.
18
Let m = 19 - 116. Let t = 110 + m. Calculate the remainder when 25 is divided by t.
12
Suppose 38*l = 34*l + 248. Calculate the remainder when l is divided by 33.
29
Let q = 894 + -832. Calculate the remainder when q is divided by 21.
20
Suppose 0 = -o + 4*o + 5*p - 221, -5*p = 2*o - 139. Let d(k) = k**2 - 4*k - 7. What is the remainder when o is divided by d(7)?
12
Let s be ((-112)/6)/(2/(-21)). Suppose -x = -s + 71. Suppose 0 = -5*q - 0*q + 3*c + x, 0 = 3*q + 2*c - 56. What is the remainder when q is divided by 12?
10
Let g be (-7 + 2)*4/10. Calculate the remainder when (160/12 + -5)/((-2)/(-12)) is divided by g/4 - 81/(-6).
11
Suppose -13*n - 60*n = -1898. What is the remainder when 26 is divided by n?
0
Suppose -l - 420 = -3*l. Let r = l + -148. What is the remainder when r is divided by 7?
6
Suppose 55*v = 50*v - 10, 0 = -4*y - 4*v + 112. Suppose 2*f - 178 = -3*r - 2*f, 5*r = -5*f + 295. What is the remainder when r is divided by y?
28
Let g(w) = -w**2 + 16*w + 31. What is the remainder when g(16) is divided by 11?
9
Let b = 503 + -146. Calculate the remainder when b is divided by 30.
27
Calculate the remainder when 651/42 + 3/(-2) + 2 is divided by 10.
6
What is the remainder when 28 is divided by 0 - -14 - (2 + -4)?
12
Let j be (-3 + (-6)/(-3))*-4. Suppose 0 = -j*y + 31 + 13. Suppose -3*g = -58 - 68. Calculate the remainder when g is divided by y.
9
Let o(h) = -h + 11. Let z(n) = -n - 3. Let x be z(-5). Suppose 5*v = 2*s + 99, 2*v + 2*s = -x*s + 30. What is the remainder when v is divided by o(0)?
8
Let h(r) = 16*r**2 + 5*r + 2. Let g(n) = -32*n**2 - 9*n - 3. Let y(k) = 2*g(k) + 5*h(k). Calculate the remainder when y(-3) is divided by 26.
23
Let m = 839 - 821. Let r(t) = -7*t**2 + 5*t + 11. Let s(w) = -6*w**2 + 6*w + 10. Let k(c) = -5*r(c) + 6*s(c). What is the remainder when k(5) is divided by m?
17
What is the remainder when 155 is divided by (-160)/60*39*1/(-2)?
51
Let k(p) = -p**3 + 9*p**2 + 13*p. Let j be k(10). Suppose 2*t - j = t. Calculate the remainder when t is divided by 11.
8
Suppose -3*m - 31 = -p, -m + 235 = 5*p - 0*p. Let c = -10 + p. Suppose w - c = -2*w. Calculate the remainder when w is divided by 5.
2
Suppose 2*r + k = 257, 5*r - 443 - 202 = -2*k. Calculate the remainder when r is divided by 34.
29
Calculate the remainder when -22